factors of t(x).
7
Suppose 0 = 2*f - 2 - 6. Suppose i = -3*b + 15, -39 = -4*i - f*b - b. List the prime factors of i.
2, 3
Let w(o) = -o**2 - 21*o + 10. List the prime factors of w(-8).
2, 3, 19
Let a(b) = 2*b**2 + 1. Let y be a(-1). Let i(h) = -6*h**2 + 3*h + h**y + 8 - 1 - 9*h. What are the prime factors of i(7)?
2, 7
Let b(o) = o**2 - 4*o - 11. Let q be (-4 - 2)/(3/(-4)). List the prime factors of b(q).
3, 7
Suppose -4*q - x = x - 510, -4*x = 3*q - 380. What are the prime factors of q?
2
Let f be 1*-1*(-3 + -3). Let o(v) = 5*v**3 + 2*v**2 + 9*v - 5. Let c(g) = 4*g**3 + g**2 + 8*g - 4. Let z(s) = f*c(s) - 5*o(s). List the prime factors of z(-5).
11
Suppose 2*t + 2*t = 12. Suppose w - 5*j - 20 = -4*w, t*w + 5*j + 4 = 0. What are the prime factors of w?
2
Let x(z) = z**2 - 2*z - 30. What are the prime factors of x(7)?
5
Let j(p) = -p**2 - p + 3. Let u be j(0). Let n(b) = -2*b - u*b + 5 - 2*b - b**2. List the prime factors of n(-7).
5
Suppose 37 + 12 = q + 4*x, 0 = 3*q - 3*x - 177. What are the prime factors of q?
3, 19
Suppose -2*b + 62 = -2*q, -2*b + 0*b = q - 65. Suppose 4*p - 32 = -4*i, 7*p - 4*p + b = 4*i. Suppose 5*k - i = 2. What are the prime factors of k?
2
Let g(o) = -o - 2. Let k = -4 - 2. Let s be g(k). Let p(x) = 3*x - 3. What are the prime factors of p(s)?
3
Let o = 43 - 24. What are the prime factors of o?
19
Let f be (-3)/1 - (-38 + 4). Suppose 2*h + v - 23 = 0, 19 = 5*h + 4*v - f. List the prime factors of h.
2, 7
Let r = -76 + 45. Let b = 1 - r. List the prime factors of b.
2
Let p(t) = -t - 3. Let o be p(-8). Let n be (-10)/o - (-4)/1. Suppose -i + n = -1. What are the prime factors of i?
3
Let u(s) = -s**2 - s + 5. Let r be (0 - 0)/((-4)/(-4)). What are the prime factors of u(r)?
5
Let f = -14 + 29. Suppose n + 3 = f. What are the prime factors of n?
2, 3
Suppose 5*d + 3*u - 414 = 0, 3*u = -0*d + 3*d - 234. List the prime factors of d.
3
Let z(x) be the first derivative of -x**3/3 + 13*x**2/2 - x + 2. List the prime factors of z(11).
3, 7
List the prime factors of (-2 + 0)*(-47)/2.
47
Let d be 16/6*1539/36. Suppose -z - 4*v + 36 = z, 5*z + 4*v - d = 0. What are the prime factors of z?
2, 13
Let d(h) = 28*h**2 - 7*h - 8. What are the prime factors of d(3)?
223
Suppose -3*n + 0*n + 19 = a, 4*a - n = 24. Let f be ((-16)/10)/((-6)/15). Suppose -k + a = -f. What are the prime factors of k?
11
Suppose -2*d = -5*d + 15. Suppose 4*a + d = 13. Let t(l) = 6*l + 2. List the prime factors of t(a).
2, 7
Let i(o) = -o**2 + 3*o + 78. What are the prime factors of i(0)?
2, 3, 13
Suppose 3*x = 99 + 6. Suppose 3*r = 67 + x. Suppose 5*v - 3*i = -i + 73, 2*v - r = 2*i. What are the prime factors of v?
13
Let b(m) = m**2 + 7*m + 10. List the prime factors of b(-10).
2, 5
Let v(r) = -r + 0*r**2 + 3*r**2 + r**2. Let z be v(-2). Suppose -3*u - 4*j = -31, -2*u - 1 = -j - z. List the prime factors of u.
3
Let u = -6 - -10. Suppose -c + u*c = 12. List the prime factors of c.
2
Let o = -29 + 73. What are the prime factors of o?
2, 11
Let y(d) = d**2 - 1. Let i be y(-1). Let f(h) = 10*h - 51. Let a be f(6). Suppose -3*o + a = i, 4*k + 2*o - 86 = -0*o. What are the prime factors of k?
2, 5
Suppose 5*t = 4*s + 18 + 22, -t = -4*s - 24. What are the prime factors of t?
2
List the prime factors of 7 - (-2)/(-2)*-2.
3
Let n be 164/3*(-6)/(-4). Suppose 5*o - n - 8 = 0. What are the prime factors of o?
2, 3
Let h = 20 + -9. Suppose -6*u = -h*u + 20. List the prime factors of u.
2
Suppose -5 = 2*g - 41. Let t = 22 - g. What are the prime factors of t?
2
Let k(b) be the second derivative of -b**5/20 + 7*b**4/12 + b**3/2 + b**2/2 + b. What are the prime factors of k(7)?
2, 11
Suppose 10*o - 407 = 63. What are the prime factors of o?
47
Let v be 2/3 - (-206)/6. Suppose -2*i = 3*k - v, -k + 5*k = 5*i + 16. List the prime factors of k.
3
What are the prime factors of 17*(-6)/(-3) - (2 + 1)?
31
Suppose -4*k + 36 = -o, -3*o + 8*o + 45 = 5*k. Suppose k = 4*b - 2*y - 13, 0 = -4*b + 3*y + 19. Suppose b*d = 8*d - 12. List the prime factors of d.
2, 3
Let a = 17 - 3. What are the prime factors of a?
2, 7
Suppose 2*q - 28 = -2*q. Let y = q + -4. Suppose 8 = y*l + 2. What are the prime factors of l?
2
Suppose -3*b + 5*g = -76, -4*b - 2*g + 53 = -31. Let z = -13 + b. What are the prime factors of z?
3
Suppose 0 = -4*y - 3*j + 23, 2*y - 18 = -4*j + 6. Suppose -2*m = y*k - 0 + 16, -4*m - k - 47 = 0. Let x = -2 - m. What are the prime factors of x?
11
Let w = 70 + -21. What are the prime factors of w?
7
Suppose 5*s = 5 + 15. List the prime factors of s.
2
Let v be (-3)/4 + (-9)/(-12). Let a = v + 2. Suppose a*p - 14 = 4. List the prime factors of p.
3
Let k be ((-14)/(-8))/(4/48). Let n = k + -8. What are the prime factors of n?
13
Suppose 5*y + 2*m - 161 = 0, -64 = -5*y + 3*y - m. List the prime factors of y.
3, 11
Let h be (-1)/(-4) - (-102)/(-24). Let k = -4 - h. Suppose 5*f - 50 = -k*f. What are the prime factors of f?
2, 5
Suppose -4*o + 170 = 2*u, 2*u + 451 = 7*u - 3*o. List the prime factors of u.
89
Let q be (-48)/2*(-25)/4. Suppose q = m + 4*m. List the prime factors of m.
2, 3, 5
Suppose -5*c + 370 = 20. List the prime factors of c.
2, 5, 7
Let a(m) = -m**3 - 10*m**2 - 2*m + 9. List the prime factors of a(-10).
29
Suppose 4*t - 4*x = -x + 6, -3*t + 2*x + 4 = 0. Suppose -d + t + 2 = 0. Let a = d - -5. List the prime factors of a.
7
Suppose -7*b + 9*b = -10. Let f = b + 22. What are the prime factors of f?
17
Suppose 0 = h - 4*b + 4, 4*b - 86 + 34 = -5*h. What are the prime factors of h?
2
Suppose 2*k + 5*c - 315 = k, 4*k - 1235 = 5*c. List the prime factors of k.
2, 5, 31
Suppose -j = -5*j - 84. Let s = j + 34. What are the prime factors of s?
13
Let i(n) = -n**3 - 4*n**2 - 2*n - 1. List the prime factors of i(-4).
7
Let i(u) = -u**2 - 6*u + 9. Let g be i(-7). Let t be (-142)/(-6) + (-4)/6. Suppose 3*s - 2*h = t, h + 19 = s + g*s. What are the prime factors of s?
5
Suppose -5*h = -h. Suppose h = 2*m - 3 - 9. What are the prime factors of m?
2, 3
Suppose 3 = -s - 0*s + 4*y, -5*y = 4*s - 30. Suppose s*p - 33 = -8. List the prime factors of p.
5
Let s = 9 - 5. Let p = -7 + 5. List the prime factors of ((-14)/s - 2)*p.
11
Suppose 0 = -5*z - 4*a - 16, 3 = -3*z + 2*a + 11. Suppose z*o = o - 13. List the prime factors of o.
13
Let z(g) = -4*g + 4*g**2 + 3*g**2 - 5*g**2 - 2. Let n(u) = 3*u**2 - 5*u - 2. Let s(y) = 4*n(y) - 5*z(y). List the prime factors of s(2).
2, 5
Let z = 479 - 176. What are the prime factors of z?
3, 101
Let k(c) = c**3 - 22*c**2 + 12*c - 30. List the prime factors of k(22).
2, 3, 13
Let y(q) = 7*q**2 + 6*q + 7. Let w(p) = -15*p**2 - 13*p - 15. Let i(s) = -6*w(s) - 13*y(s). Let b be i(0). List the prime factors of (b*2 + 12)*1.
2, 5
Suppose -10*p + 83 = -9*p. What are the prime factors of p?
83
Let h be (-7)/(-4) + (-1)/(-4). Suppose -2*s = -3*o - 55, 0*s = -4*s + 5*o + 107. Suppose s = h*r - 1. List the prime factors of r.
2, 3
Let c(r) = -2*r + 28. What are the prime factors of c(-5)?
2, 19
Let g be (-4)/4*(0 + 7). Let b(i) = i**2 + 3*i - 9. What are the prime factors of b(g)?
19
Suppose -3*f - 27 = -3*o, 38 - 10 = 2*o - 4*f. Let m(z) = z**2 - z + 9*z - o*z. What are the prime factors of m(-6)?
2, 3
Let t be (-200)/28 + 3/21. Suppose n + 2 = 25. Let v = n + t. List the prime factors of v.
2
Let y be 30*(26/(-4))/1. Let c be 2/(-4) + y/6. Let b = -19 - c. What are the prime factors of b?
2, 7
Let u = -2 - -4. Suppose 0 = -6*t + u*t - 88. Let p = t + 34. List the prime factors of p.
2, 3
Suppose 0 = 3*r, -2*s + r - 11 = -3*s. List the prime factors of s.
11
Let v be -2 - -8 - 0 - -3. What are the prime factors of v/(0 - 3) - -5?
2
Let t be (6/2 - -2) + -2. Suppose 1 - 7 = 3*n + 3*a, -2*n - 12 = 4*a. Suppose 0 = 3*b + t*u - 39, 2*b - b - n*u + 2 = 0. What are the prime factors of b?
2
Let f = 11 + 24. List the prime factors of f.
5, 7
What are the prime factors of ((5103/(-28))/(-9))/((-2)/(-8))?
3
Let t = 2 + 1. Suppose -t*f = f. What are the prime factors of 3 - (f + 1 - 7)?
3
Let w = 75 + -3. List the prime factors of w.
2, 3
Suppose -3*c = -4*c. Suppose c = 3*i - 2*i - 12. What are the prime factors of (-64)/(-6) - (-4)/i?
11
Suppose -12 = -3*b, -23 = -3*y - 3*b + 10. Suppose y = -5*u + 72. Let i = u - 8. What are the prime factors of i?
5
Suppose 2*